s the hundred thousands digit of 371936?
3
What is the millions digit of 22330709?
2
What is the ten thousands digit of 4028673?
2
What is the hundreds digit of 632856?
8
What is the millions digit of 1561093?
1
What is the tens digit of 806995?
9
What is the hundred thousands digit of 3031640?
0
What is the tens digit of 13058753?
5
What is the tens digit of 959029?
2
What is the millions digit of 15669792?
5
What is the thousands digit of 172958?
2
What is the units digit of 527974?
4
What is the thousands digit of 13917037?
7
What is the ten thousands digit of 4797186?
9
What is the tens digit of 283453?
5
What is the hundreds digit of 318545?
5
What is the tens digit of 800820?
2
What is the thousands digit of 372452?
2
What is the ten thousands digit of 1424025?
2
What is the units digit of 12773840?
0
What is the thousands digit of 8977?
8
What is the millions digit of 4898020?
4
What is the ten thousands digit of 1939715?
3
What is the hundred thousands digit of 5150720?
1
What is the millions digit of 8268173?
8
What is the hundreds digit of 3299369?
3
What is the ten thousands digit of 18060555?
6
What is the units digit of 11989?
9
What is the tens digit of 1082521?
2
What is the tens digit of 187893?
9
What is the hundred thousands digit of 6737589?
7
What is the thousands digit of 6281026?
1
What is the hundreds digit of 199845?
8
What is the hundred thousands digit of 2008229?
0
What is the tens digit of 3678815?
1
What is the units digit of 10625392?
2
What is the hundreds digit of 6115495?
4
What is the thousands digit of 439093?
9
What is the tens digit of 1397335?
3
What is the units digit of 458416?
6
What is the hundreds digit of 9896115?
1
What is the hundred thousands digit of 317033?
3
What is the hundred thousands digit of 3777154?
7
What is the thousands digit of 40439455?
9
What is the hundreds digit of 466556?
5
What is the thousands digit of 500102?
0
What is the thousands digit of 827858?
7
What is the hundreds digit of 5819?
8
What is the hundreds digit of 2714383?
3
What is the millions digit of 12857614?
2
What is the tens digit of 412425?
2
What is the units digit of 20674856?
6
What is the tens digit of 4498955?
5
What is the ten thousands digit of 1083140?
8
What is the millions digit of 1925473?
1
What is the units digit of 3681698?
8
What is the millions digit of 5939779?
5
What is the thousands digit of 2248045?
8
What is the units digit of 18612147?
7
What is the tens digit of 523097?
9
What is the thousands digit of 24362404?
2
What is the hundred thousands digit of 1055939?
0
What is the units digit of 2865910?
0
What is the units digit of 14592057?
7
What is the tens digit of 1805047?
4
What is the hundred thousands digit of 1681405?
6
What is the hundreds digit of 19276170?
1
What is the thousands digit of 197132?
7
What is the tens digit of 9616349?
4
What is the thousands digit of 151531?
1
What is the hundred thousands digit of 135208?
1
What is the hundreds digit of 1727088?
0
What is the tens digit of 1287474?
7
What is the thousands digit of 438832?
8
What is the ten thousands digit of 76555?
7
What is the ten thousands digit of 201866?
0
What is the tens digit of 1741408?
0
What is the hundred thousands digit of 14429425?
4
What is the hundred thousands digit of 19740612?
7
What is the units digit of 333640?
0
What is the hundreds digit of 363665?
6
What is the thousands digit of 5410439?
0
What is the units digit of 259051?
1
What is the millions digit of 1224675?
1
What is the tens digit of 176373?
7
What is the ten thousands digit of 1308551?
0
What is the hundred thousands digit of 2263920?
2
What is the ten thousands digit of 411112?
1
What is the units digit of 4207664?
4
What is the hundreds digit of 2259461?
4
What is the tens digit of 6861886?
8
What is the millions digit of 3704725?
3
What is the tens digit of 610876?
7
What is the units digit of 369049?
9
What is the hundreds digit of 129754?
7
What is the tens digit of 1302347?
4
What is the units digit of 783258?
8
What is the tens digit of 8796?
9
What is the millions digit of 3581971?
3
What is the tens digit of 37652?
5
What is the ten thousands digit of 4539479?
3
What is the tens digit of 280513?
1
What is the ten thousands digit of 2651739?
5
What is the millions digit of 12274809?
2
What is the ten thousands digit of 2974814?
7
What is the thousands digit of 23602348?
2
What is the hundred thousands digit of 178298?
1
What is the tens digit of 12759545?
4
What is the hundred thousands digit of 765538?
7
What is the tens digit of 2190534?
3
What is the hundreds digit of 206513?
5
What is the thousands digit of 9864088?
4
What is the millions digit of 6555018?
6
What is the tens digit of 452184?
8
What is the units digit of 15573809?
9
What is the hundred thousands digit of 362637?
3
What is the hundred thousands digit of 1910208?
9
What is the thousands digit of 5358192?
8
What is the ten thousands digit of 60211?
6
What is the millions digit of 1564734?
1
What is the thousands digit of 20254304?
4
What is the hundreds digit of 2734357?
3
What is the hundred thousands digit of 4020337?
0
What is the thousands digit of 223850?
3
What is the ten thousands digit of 753665?
5
What is the units digit of 636497?
7
What is the tens digit of 7501219?
1
What is the hundreds digit of 45395?
3
What is the units digit of 772247?
7
What is the hundred thousands digit of 26036700?
0
What is the hundred thousands digit of 252959?
2
What is the hundred thousands digit of 714743?
7
What is the thousands digit of 55238?
5
What is the units digit of 7278747?
7
What is the millions digit of 1607527?
1
What is the hundreds digit of 165900?
9
What is the units digit of 158346?
6
What is the hundred thousands digit of 500204?
5
What is the tens digit of 363044?
4
What is the millions digit of 2784527?
2
What is the thousands digit of 32503?
2
What is the ten thousands digit of 1372972?
7
What is the thousands digit of 8421176?
1
What is the thousands digit of 14927685?
7
What is the thousands digit of 1082965?
2
What is the tens digit of 127350?
5
What is the units digit of 325619?
9
What is the tens digit of 37926002?
0
What is the thousands digit of 5704493?
4
What is the hundreds digit of 166305?
3
What is the tens digit of 286363?
6
What is the tens digit of 1679539?
3
What is the thousands digit of 11986103?
6
What is the tens digit of 130?
3
What is the units digit of 2475843?
3
What is the units digit of 7636050?
0
What is the millions digit of 4202739?
4
What is the hundred thousands digit of 264664?
2
What is the units digit of 887232?
2
What is the tens digit of 10268839?
3
What is the thousands digit of 367834?
7
What is the tens digit of 200612?
1
What is the units digit of 943738?
8
What is the tens digit of 27544?
4
What is the ten thousands digit of 2132331?
3
What is the hundred thousands digit of 174498?
1
What is the units digit of 43973?
3
What is the thousands digit of 1008527?
8
What is the ten thousands digit of 700789?
0
What is the hundreds digit of 248387?
3
What is the ten thousands digit of 4052702?
5
What is the ten thousands digit of 724213?
2
What is the thousands digit of 36760536?
0
What is the ten thousands digit of 7092385?
9
What is the units digit of 2058921?
1
What is the hundred thousands digit of 131486?
1
What is the tens digit of 1871992?
9
What is the units digit of 91152?
2
What is the hundreds digit of 5701167?
1
What is the hundred thousands digit of 994672?
9
What is the hundreds digit of 1596310?
3
What is the tens digit of 131120?
2
What is the tens digit of 2730913?
1
What is the tens digit of 499566?
6
What is the units digit of 1983228?
8
What is the ten thousands digit of 943455?
4
What is the hundred thousands digit of 1387271?
3
What is the units digit of 539990?
0
What is the thousands digit of 549383?
9
What is the hundreds digit of 8158?
1
What is the thousands digit of 605523?
5
What is the tens digit of 203110?
1
What is the tens digit of 252692?
9
What is the units digit of 29544?
4
What is the units digit of 297466?
6
What is the ten millions digit of 38587465?
3
What is the units digit of 154448?
8
What is the millions digit of 2175044?
2
What is the thousands digit of 11670920?
0
Wh